{"id":156,"date":"2017-12-11T13:22:10","date_gmt":"2017-12-11T13:22:10","guid":{"rendered":"http:\/\/eshop.jenasumperk.cz\/?post_type=product&#038;p=156"},"modified":"2017-12-11T13:22:10","modified_gmt":"2017-12-11T13:22:10","slug":"orlicke-hory-kralicky-sneznik-2","status":"publish","type":"product","link":"https:\/\/eshop.jenasumperk.cz\/index.php\/produkt\/orlicke-hory-kralicky-sneznik-2\/","title":{"rendered":"Orlick\u00e9 hory, Kr\u00e1lick\u00fd Sn\u011b\u017en\u00edk"},"content":{"rendered":"<p>M 1:75 000<\/p>\n<p>ISBN 978-80-87137-38-3<\/p>\n","protected":false},"excerpt":{"rendered":"<p>Zimn\u00ed ly\u017ea\u0159sk\u00e1 mapa Orlick\u00e9 hory obsahuje krom\u011b \u00fapln\u00e9 s\u00edt\u011b turistick\u00fdch cest tak\u00e9 s\u00ed\u0165 zna\u010den\u00fdch ly\u017ea\u0159sk\u00fdch tras a cyklotras, doporu\u010den\u00fdch ly\u017ea\u0159sk\u00fdch tras a to v\u010detn\u011b protahovan\u00fdch ly\u017ea\u0159sk\u00fdch stop. Mapa zobrazuje \u00fazem\u00ed hlavn\u00edho Orlick\u00e9ho h\u0159ebene (m 1:50 00), dal\u0161\u00ed h\u0159eben Bukovohorsk\u00e9 hornatiny a podstatn\u00e1 \u010d\u00e1st Kr\u00e1lick\u00e9ho Sn\u011b\u017en\u00edku v m\u011b\u0159\u00edtku 1:75 000). Na zadn\u00ed stran\u011b jsou ly\u017ea\u0159sk\u00e1 centra, jejich stru\u010dn\u00fd popis, telefonn\u00ed kontakty na stanice Horsk\u00fdch slu\u017eeb, vysv\u011btlivky zimn\u00edho zna\u010den\u00ed v ter\u00e9nu atd. Mimoto je vybavena i s\u00edt\u00ed pro GPS (Global positioning system) &#8211; satelitn\u00ed nav\u00e1d\u011bc\u00ed syst\u00e9m pro ur\u010dov\u00e1n\u00ed zem\u011bpisn\u00e9 polohy.<\/p>\n","protected":false},"featured_media":157,"comment_status":"open","ping_status":"closed","template":"","meta":{"jetpack_publicize_message":"","jetpack_publicize_feature_enabled":true,"jetpack_social_post_already_shared":false,"jetpack_social_options":{"image_generator_settings":{"template":"highway","default_image_id":0,"font":"","enabled":false},"version":2}},"product_cat":[19],"product_tag":[],"class_list":["post-156","product","type-product","status-publish","has-post-thumbnail","hentry","product_cat-zimni-a-lyzarske-mapy","product_shipping_class-cp"],"jetpack_publicize_connections":[],"jetpack_sharing_enabled":true,"jetpack_likes_enabled":true,"_links":{"self":[{"href":"https:\/\/eshop.jenasumperk.cz\/index.php\/wp-json\/wp\/v3\/product\/156","targetHints":{"allow":["GET"]}}],"collection":[{"href":"https:\/\/eshop.jenasumperk.cz\/index.php\/wp-json\/wp\/v3\/product"}],"about":[{"href":"https:\/\/eshop.jenasumperk.cz\/index.php\/wp-json\/wp\/v2\/types\/product"}],"replies":[{"embeddable":true,"href":"https:\/\/eshop.jenasumperk.cz\/index.php\/wp-json\/wp\/v2\/comments?post=156"}],"wp:featuredmedia":[{"embeddable":true,"href":"https:\/\/eshop.jenasumperk.cz\/index.php\/wp-json\/wp\/v2\/media\/157"}],"wp:attachment":[{"href":"https:\/\/eshop.jenasumperk.cz\/index.php\/wp-json\/wp\/v2\/media?parent=156"}],"wp:term":[{"taxonomy":"product_cat","embeddable":true,"href":"https:\/\/eshop.jenasumperk.cz\/index.php\/wp-json\/wp\/v2\/product_cat?post=156"},{"taxonomy":"product_tag","embeddable":true,"href":"https:\/\/eshop.jenasumperk.cz\/index.php\/wp-json\/wp\/v2\/product_tag?post=156"}],"curies":[{"name":"wp","href":"https:\/\/api.w.org\/{rel}","templated":true}]}}